 7
Suppose 5*x + 3*r - 626 = 0, 0 = 3*x - 24*r + 19*r - 396. List the prime factors of x.
127
Let d = 20 - 16. Let u = d - 1. List the prime factors of (99/(-12))/(u/(-12)).
3, 11
Suppose 0 = 3*o + 3*u + 21, -o + 5*o + 5*u + 31 = 0. What are the prime factors of o/24 + 1612/24?
67
Let g(o) = o**2 - 2*o - 10. Let s be g(7). Let n be (-8)/(-28) + 20/(-70). Suppose k + 3*r - s = -0*k, n = -3*k + 5*r + 47. What are the prime factors of k?
19
Let c = -691 + 1021. What are the prime factors of c?
2, 3, 5, 11
Suppose -19*v = -30*v + 21395. What are the prime factors of v?
5, 389
Suppose -17*x = -56499 - 27175. What are the prime factors of x?
2, 23, 107
Let f = -1643 + 1695. What are the prime factors of f?
2, 13
Suppose 8 = 5*f + 23, -1209 = -3*s + 3*f. What are the prime factors of s?
2, 5
Let i(v) = -4*v**3 - 3*v**2 + 9*v + 8. List the prime factors of i(-6).
2, 5, 71
Let q(u) = -4*u**2 - 6*u - 2. Let t be q(-2). What are the prime factors of 190 + t*(-8)/12?
2, 97
Suppose -3*m - 2244 = -4*x, -3*x + x - 3*m = -1122. Suppose -3*h + x = 3*d, 5*d - 905 = 4*h + h. What are the prime factors of d?
2, 23
Let i be 1*2/6*87. Suppose 3*z - 92 + i = 0. What are the prime factors of z?
3, 7
Let h = 1525 + 664. List the prime factors of h.
11, 199
Suppose 0 = -377*u + 375*u + 3066. List the prime factors of u.
3, 7, 73
Suppose -1492 = -2*y + 5*d, 0*d - 2*d = 2*y - 1506. List the prime factors of y.
751
Suppose 0*n = 2*n - 932. What are the prime factors of n?
2, 233
Suppose -420 = 2*d + c, 158 = -d - 5*c - 70. What are the prime factors of (-10)/(-4)*d/(-20)?
2, 13
Let n be ((-2)/(-5))/((-184)/(-60) - 3). Suppose 208 = n*s - 68. What are the prime factors of s?
2, 23
Suppose -14845 = 10*p - 47095. What are the prime factors of p?
3, 5, 43
Let g(k) be the second derivative of -k**6/120 + k**5/15 + k**4/8 + 5*k**2/2 - k. Let i(h) be the first derivative of g(h). What are the prime factors of i(-2)?
2, 3
Let r = -53 - -44. List the prime factors of (-4 - (825/r + 2))*3.
257
Suppose f = 5, 2*q + 0*f = -f + 73. Let x = q + 57. What are the prime factors of x?
7, 13
List the prime factors of ((-4)/(-6))/((-2)/(-2595)).
5, 173
Let q(i) = -15*i + 2 - 10 - 2 - 3. List the prime factors of q(-4).
47
Suppose 0 = 4*g - 3*f - 4617, f + 118 = -5*g + 5913. What are the prime factors of g?
2, 3, 193
What are the prime factors of 1/((-2*(-6)/(-24))/(-250))?
2, 5
Let k(i) = -3*i**3 - 12 + 15*i**3 - 16*i - 13*i**3 - 7*i**2. List the prime factors of k(-8).
2, 3, 5
Suppose 11*t = 8844 + 5170. List the prime factors of t.
2, 7, 13
Let a be (255 - -1)/(-1 - (-75)/72). List the prime factors of a/32 - -1*1.
193
Let q(c) = -8*c**3 - 14 - 23*c**2 - 3 - c + 6*c**3. Let p(o) = -o**3 - 12*o**2 - 8. Let n(j) = -5*p(j) + 3*q(j). What are the prime factors of n(-9)?
2
Suppose 2*f = -f - 24. Let o = f + 47. List the prime factors of o.
3, 13
Suppose 26 = 5*q + 36. Let j(t) = 3*t**2 + 13*t**2 - 2*t + 4*t. List the prime factors of j(q).
2, 3, 5
Suppose -14*h - 3*j - 1953 = -15*h, 2*j + 7782 = 4*h. List the prime factors of h.
2, 3
Suppose 3989 = 38*q - 54303. What are the prime factors of q?
2, 13, 59
Suppose -337 = -3*g - 37. Let t = g - -84. What are the prime factors of t?
2, 23
Let h = -446 + 931. Let w = h + -680. Let f = -139 - w. List the prime factors of f.
2, 7
Let x(r) = 3*r**2 + 9*r + 47. What are the prime factors of x(-15)?
587
Let i(c) be the second derivative of c**4/12 - 2*c**3/3 - 5*c**2 - 4*c. Let w be i(7). Suppose 16*t - w*t = 25. What are the prime factors of t?
5
Suppose -13*u + 28*u = 15. Let g(w) = 254*w**3 - 2*w**2 + 2*w - 1. What are the prime factors of g(u)?
11, 23
Suppose 2*h - 3*h - 2*t - 49 = 0, h + 4*t + 43 = 0. Suppose 5*o - 24 = -204. Let x = o - h. List the prime factors of x.
19
Let v = 22 + -11. Let q(u) = -u**2 + 2*u + 1. Let m(x) = -3*x**2 + 5*x + 4. Let g(c) = v*q(c) - 4*m(c). List the prime factors of g(-7).
2, 3, 5
Let h(m) = m**2 - 33*m + 221. What are the prime factors of h(0)?
13, 17
Suppose -11*g + 58 = -162. What are the prime factors of g/4 + -6 - -60?
59
Let l(x) = 8*x - 3. Let w be l(-4). Suppose -15 - 5 = -4*g. List the prime factors of -2 + g - (1 + w).
37
Suppose -4*a - 3*g - 2*g + 14 = 0, 5*g = -10. Let j = -5 + a. List the prime factors of (j*-1)/(5/(-200)).
2, 5
Let p be (-115)/(-2) - 5/(-2). What are the prime factors of (p/45)/((-2)/(-9))?
2, 3
Suppose -5*g + 2*r + 5667 = 0, 3*g = 4*r - 745 + 4148. What are the prime factors of g?
11, 103
Suppose 2*w - 264 = 48. Suppose w = -0*a + 4*a. Suppose -4*f = 2*m - f - a, -1 = 2*m - 5*f. What are the prime factors of m?
2, 3
Suppose -27 = -5*s - 4*p, p = -0*s - s + 6. Suppose 3*l = -s*c + 4*l + 63, 5*l = -5*c + 125. List the prime factors of c.
2, 11
Let x(v) = -3*v**3 + 7*v**2 + 13*v + 2. List the prime factors of x(-9).
7, 13, 29
What are the prime factors of (1206/(-15))/((-4)/20)?
2, 3, 67
Suppose -m + g = -1201, -5*m - 1189 + 7186 = -3*g. What are the prime factors of m?
3, 7, 19
Let k(m) = m**2 + 25*m. List the prime factors of k(-67).
2, 3, 7, 67
Let f(w) = 3*w**2 + w - 2. Let a be f(7). Let m = a - 76. List the prime factors of m.
2, 19
Let h be (-1)/3 + (-148)/(-12). Suppose -3*t + 4*c - 16 = 0, 4*t + 2*c + 4 = 3*c. Suppose t*o = o - h. List the prime factors of o.
2, 3
Let l(v) = v**2 - 1. Let b be l(2). Let x(n) = 2*n + 4*n - 36 - b*n + 24. List the prime factors of x(8).
2, 3
Let o be ((-4)/(-10))/((-15)/225). List the prime factors of (-6)/(408/705 - o/(-10)).
2, 3, 47
Let c = 281 - 213. Let g be 1 + (-25)/1 + 0. Let y = c + g. List the prime factors of y.
2, 11
List the prime factors of -132*(-5 + -4 + 64/(-12)).
2, 11, 43
What are the prime factors of 411/2*-8*(-50)/150?
2, 137
Let s(q) = -24*q - 12. Let m be s(-3). Let h(z) = z**2 + 2*z + 1. Let g be h(-3). Suppose -b + m = g*b. List the prime factors of b.
2, 3
Suppose -2*z = i - 269, 2*i + 85 = -5*z + 626. What are the prime factors of i?
263
Let h(i) = i - 13. Let c be h(-8). What are the prime factors of c/28 - 358/(-8)?
2, 11
Suppose 6*k + 177 = 3. Let h = 71 + k. Let q = 0 + h. What are the prime factors of q?
2, 3, 7
Let h(z) = -z**2 + 8*z + 5. Let l be h(8). Let w = -12 - -22. Let j = l + w. What are the prime factors of j?
3, 5
Let w(m) = m**2 + 4*m + 18. List the prime factors of w(-15).
3, 61
Let s be (0 + 0)*2/6. Suppose 0 = 3*i - n - 76, s = 4*i - 4*n - 63 - 49. Suppose -p + i = -20. What are the prime factors of p?
2, 11
Let h = -376 + 1146. List the prime factors of h.
2, 5, 7, 11
Let h = 1164 + -238. What are the prime factors of h?
2, 463
Let d = -15 - -31. Suppose d*b - 1020 = 84. What are the prime factors of b?
3, 23
What are the prime factors of 0/(-2 - -1) + 4557/31?
3, 7
Suppose -d + b = 1107 - 3832, -5*d + 13621 = -b. List the prime factors of d.
2, 3, 227
Suppose -27*i + 28*i + g - 214 = 0, 850 = 4*i + 2*g. List the prime factors of i.
211
Let p(r) be the first derivative of -217*r**4/4 + 4*r**3/3 + r**2 - 2*r - 15. What are the prime factors of p(-1)?
7, 31
Let w(f) = f**2. Let l(v) = -2*v**3 + 6*v**2 + 3*v - 4. Let c(r) = l(r) - 6*w(r). List the prime factors of c(-3).
41
Let m = 1117 + -26. List the prime factors of m.
1091
Let h = -10 + 12. Suppose 3*j = 15, 0*j = -4*o - h*j + 554. List the prime factors of o.
2, 17
Let d(b) = 14*b**2 + 29*b - 10. What are the prime factors of d(-5)?
3, 5, 13
Let u be 2/5 - 1010/25. Let t = u - -63. List the prime factors of t.
23
List the prime factors of 122 - ((3 - -2) + -3).
2, 3, 5
Let r(y) = -y**3 + y**2 + 5*y + 302. List the prime factors of r(0).
2, 151
Suppose x - 5*x + 64 = 0. List the prime factors of ((-124)/x)/(2/(-8)).
31
What are the prime factors of (3 + (-5)/(-3))/(9/2430)?
2, 3, 5, 7
Suppose -7*c = -3*c - 84. Suppose g + 5 - c = 0. Let n = g - 14. What are the prime factors of n?
2
Let b(k) = -9 + k - 8*k - 3*k + k**2. Let s be b(9). Let y = s + 23. List the prime factors of y.
5
List the prime factors of (-53421)/(-27) - (-64)/144.
1979
List the prime factors of 0 + 0 - 2/(12/(-270)).
3, 5
Suppose 40 = o + 4*o. Let y be (-4)/(o/(-6)) + 28. Suppose 3*m - y = 2*m. What are the prime factors of m?
31
Suppose 4*v - 3*z - 159 = -8*z, -204 = -5*v - z. Let k = 14 + v. What are the prime factors of k?
5, 11
Let g = 163 - 142. List the prime factors o